-71 - 26).
-5
What is -21 - (1 + -1) - (135 + -83 + -28)?
-45
Evaluate (-40 - -135) + 23 + -21 + -16.
81
Calculate 34 + (11 - 20) + (-5 - 0) + -1 + 4.
23
Calculate (-4 + -3 - (6 - 5)) + (24 - 1 - 65).
-50
(553 - 574) + (55 - 0) + 2
36
Calculate (274 - 136) + 55 - 56.
137
6 - -8 - ((-2 + 8 - 8) + 3)
13
Calculate (994 - 1044) + (78 - -2).
30
Evaluate -149 + (54 - -59) + 0 + (0 - 5).
-41
Calculate 5 + (49 - 100) + 3.
-43
Calculate -685 + 603 - (0 + -7 + -19 + 22).
-78
What is (-2 - -23) + -1070 + 1061?
12
What is -27 + 1 - (-166 + 184)?
-44
Evaluate -40 - -59 - (5 + 79) - -11.
-54
Evaluate -77 + 35 + 13 - 30.
-59
What is 54 - (57 + -5) - -8?
10
Evaluate -36 - (26 + (16 - 52)).
-26
10 + -29 + 8 - (4 + -1 + -2)
-12
Evaluate (-1 - -2) + -10 - ((34 - 10) + -40).
7
What is the value of -6 - ((8 - (1 + -2) - 13) + 30)?
-32
Evaluate -19 + 16 + (-10 - (10 + 9)).
-32
What is the value of -22 + -2 + (-15 - 8)?
-47
What is -38 - (4 + -13 + -9 + 7 + 4)?
-31
-36 + -2 + (-32 + 32 - (5 + 16))
-59
What is the value of 9 - (-1 - -2) - (-37 - -99 - 56)?
2
What is -8 + (12 - (5 + 12)) - (3 + -50)?
34
What is ((12 - 2) + -37 - (-9 - -4)) + 89?
67
What is the value of -15 + 2 + (1 - -81 - (-11 - -22))?
58
Calculate 8 + -6 + (-2 - (-8 + 34)) + 2.
-24
0 + (-9 - (0 + 0 - -1) - (-28944 + 28838))
96
What is 9 - (-25 - ((10 - (10 - 12)) + 5))?
51
14 + 3 - (-53 + 15 + -9)
64
What is the value of 1 + 0 + -6 + -3 + 8 + (-781 - -855)?
74
Evaluate -54 - (-2 - (10 + -28 - 22)).
-92
What is (60 - (44 + -18)) + -13 + -72?
-51
8 + (0 - 24 - (80 - (-29 - -101)))
-24
16 + 19 + -3 + -57
-25
-56 + (-31 - (-58 - -9))
-38
19 + -1 + -2 + (40 - (22 - -12))
22
10 - (-3 + -1 + 2) - (-207 - -214)
5
What is -26 + 8 + 148 + -183?
-53
What is (13 - (7 - (4 - -8)) - 10) + 6 + -30?
-16
What is the value of 13 - (37 - -27) - (-2 + 2 + -11)?
-40
-54 + -7 + -49 + 53 - -18
-39
What is 24 + -159 - (-37 + -21 + 25)?
-102
What is -10 - ((0 - (-1 - -7)) + 20 - -2)?
-26
-18 + (35 - 68 - -16) + (3 - -3)
-29
85 + (8 - -1 - (39 + (13 - -15 - 64)))
91
Evaluate 0 - 0 - (-17880 - -17994).
-114
Calculate (4 - 1) + -2 + (-16 + 17 - 17) + 26.
11
Evaluate -48 + 34 + (-220 - -111).
-123
What is (4 - -12) + 2 + -2 + -6?
10
What is the value of -11 + 14 + -21 + 53 + -12?
23
Evaluate 3 + -4 + 1 + -6 + 8 + -8 + -50.
-56
Calculate 54 + 3 + -514 + 426.
-31
Calculate -12 + (-97 - -143) + -67.
-33
Calculate 2 - 14 - -23 - (-1 - 2 - (-22 - 53)).
-61
Calculate (-4 + -5 + 3 - (-21 - -44)) + 12.
-17
What is the value of (-716 + 696 - (-4 + (0 - -1))) + (0 - -8)?
-9
-217 - (-100 + (-64 - -17))
-70
Evaluate (76 - (26 + 48)) + 18.
20
What is (-39 - -12) + -1 - (-7 + 6 + 9 + -12)?
-24
Calculate (15 - -21) + 28 + (4 - 6).
62
What is -51 + 29 + (46 - 28)?
-4
What is the value of -98 + 2 - (-33 + 48 - ((-7 - -9) + 7))?
-102
Calculate -9 + (-59 - (-19 - 2) - -12).
-35
What is the value of -617 - -578 - (-26 + 2)?
-15
Calculate (-26 + 21 - (-3 - 21)) + -10 + -113.
-104
Evaluate 0 + 3 + -3 - 1 - (0 - 4 - -2).
1
What is -1 + 10 + -6 + 19 + -124 + -22?
-124
-5 - (-1 - -3) - (-51 - (-124 + 32 + 20))
-28
What is (-3 - -32) + (-2 + -8 - (-38 + 22 + 5))?
30
Evaluate 7 - (15 + (-17 - 0 - -29)) - 16.
-36
What is the value of -7 - (18 + (-3 - -10)) - 7 - -8?
-31
What is (-728 - -696 - (1 + -14)) + -53 + 8?
-64
Calculate (79 + -84 - -49) + -53.
-9
Calculate (10 - 20) + (33 - 13 - 5).
5
What is 4 + 5 + -11 - (-31 + 36)?
-7
Evaluate 114 + -179 - -85 - -36.
56
What is (-2 - (2 + -4)) + 6 - (2953 + -2828)?
-119
What is the value of -8 + (-16 - 17 - -72)?
31
What is the value of -36 + (-29 - 6 - (-41 - -19))?
-49
Evaluate -13 - (-4 - 24 - (67 + -69 + (-2 - 9))).
2
Calculate (1 - -5) + -1 + 2 + -8 + 33.
32
What is the value of 20 + -15 + (32 - 11 - -36)?
62
Calculate -1 + -40 - (1 + -1 + (-10 - 8) + 12).
-35
Calculate (104 - 99) + -6 + (-7 - (1 + -8)).
-1
What is the value of 71 + (-63 - 52 - -16)?
-28
What is the value of 3 + 5 + 1 - ((-10 - 9) + 22) - 5?
1
-44 + (21 - -50 - 48)
-21
Evaluate -7 + (-2 - -22) + -25 + -24.
-36
Evaluate 46 + -3 + (-44 - 7).
-8
Calculate (-52 - -56 - (1 + -2 - 8)) + -215 + 76.
-126
Calculate 24 - (-14 - -6 - -27) - -9.
14
Evaluate 24 + 10 + (-68 - -30).
-4
Evaluate -6 + 15 - ((0 - 3) + -41 + 46 + -1).
8
Calculate -366 + 374 - (-4 - (2 + 75)).
89
19 + (145 - 117 - (-8 - -26))
29
Calculate 1 + -18 - (43 - (-44 + 39)).
-65
What is (-5 - (-12 - -12)) + (37 - -19)?
51
Calculate 0 + (14 - 0) - (853 - 854) - 2.
13
Calculate (-1 - (-2 + 0)) + (-77 + -83 - -153) + 32.
26
Evaluate 66 + 88 + (28 - 133).
49
1 - (-12 - 1) - (107 + -66)
-27
Evaluate (6 - 40) + (159 - 142) + 89 + 2.
74
What is the value of (-16 - (-21 - (3 - 12))) + (1 - 29)?
-32
What is the value of 23 - (22 + -10) - (4 - -49)?
-42
Evaluate (47 - -44 - 62) + 13 + 16.
58
Calculate -18 + 2 + 0 + 54 + -40 + (1 - 22).
-23
What is -3379 - -3405 - (1 - (47 - -1))?
73
Evaluate (-2 + 1 - -3 - (4 - -48)) + -1 + -8.
-59
What is 30 + -44 + -25 + 25?
-14
What is -1 + ((-1 - 3) + (21 - 11) - -31)?
36
-6 + 1 + (-6 - (29 - 7))
-33
What is (-4 - -7) + 3 + -6 + (31 - 26) + 3?
8
Calculate -1 + -19 - (22 - (47 - 24)).
-19
What is the value of 0 + (-3 - -80 - ((37 - 28) + -6))?
74
Evaluate -183 + 213 + (4 - -7).
41
(-10 - -1 - (-20 + 15)) + 23 + -5 + -5
9
What is -27 + -53 + (-44 - -68) + -23?
-79
Calculate 3 - 1 - -41 - (26 + (-55 - -28)).
44
Evaluate (10 - 10) + -9 - (-7 + (6 - 2) + -6).
0
-100 - (-8 - (0 + (-7 - 9)) - 10)
-98
What is the value of -1345 + 1465 - (3 - (3 - 34))?
86
-25 + (7 - 16 - -2) + (-15 - -20) + -14
-41
-10 + (-126 + 72 - -76) + -42 + -1
-31
Evaluate -14 + -1 + (22 - (-11 + 27)) + (-2 - -29).
18
Calculate 22 + (4 - 18) + (51 - 52) + -5.
2
Evaluate 11 + ((19 - 25) + 29 - 25).
9
Evaluate (20 + -12 + 14 + -6 - 12) + (-1 - 21).
-18
Evaluate 1977 + -1984 - ((-5 - -3) + (51 - 0)).
-56
Evaluate -45 - (-74 + 19 + -34 + 20).
24
What is the value of 0 + (1 - 2) - (6 + -7) - (-1279 + 1214)?
65
What is 1 + 2 + -11 - (111 - 118) - 77?
-78
Evaluate (2 - -28) + -37 + 19 + 5.
17
What is -72 + 4 + 18 + (9 + -70 - -19)?
-92
What is the value of 172 + (29 - (-24 + 82)) + (2 - 7)?
138
Calculate (20 - 20) + 12 + (69 - 5 - (0 + 3)).
73
Calculate 50 - 16 - 0 - 74.
-40
3 + -9 - (19 + -13 - -11 - 9) - 27
-41
(-2 - -21) + (-68 - (-32 + (2 - 0)))
-19
Evaluate -43 - (-4 + (10 - 0 - (-24 + 37))) - 3.
-39
Evaluate (2 + 3 - 30) + 3 + -6 - (54 - 56).
-26
What is (-17 + -1 - (206 + -274)) + -21?
29
Calculate -63 + 19 + (-11 - -14) + -14.
-55
Evaluate (-4 - -23 - -30) + (-1 - (4 + 11)).
33
Calculate (-8 + (-3 - -2) - (-21 - -16)) + 18.
14
What is (4 + -2 - -10) + -2 - (-26 - 12 - -43)?
5
Evaluate -62 - (-22 + 15 - 62).
7
Evaluate -39 + -14 - (-60 + 0).
7
Calculate -10 - 0 - 2 - (7628 - 7629).
-11
-1 - (-641 - -703 - (30 - -1))
-32
What is 64 + -51 + 37 + (7 - 0)?
57
0 + 51 + (3 - (10 + -8 + -1)) + -2
51
Evaluate -24 - -17 - (-29 - -27 - -73).
-78
Evaluate (-2266 - -2234) + (9 - 0) - (118 + 3).
-144
21 + (-14 - (-2 + (-11 - -16)))
4
What is 70 + (2 - (24 + 36))?
12
What is the value of ((-2 - 1) + 4 - 0 - (-316 + 304)) + -103?
-90
Evaluate (-478 - -585) + (9 - 148).
-32
Evaluate 127 - (126 - 77) - (-2 + -3 - (-6 - -3)).
80
Evaluate (-13 - (-10 + 8)) + (-38 - (-2 + -4 + 11)).
-54
What is the value of -28 - 1 - (-100 + 1 + 100)?
-30
What is the value of -2679 + 2610 - (-1 - (-2 + 1 + 20))?
-49
What is the value of (-20 - -19) + (-1 - -1) - ((-9 - -13) + -18)?
13
Evaluate -24 + -1 + (-238 - -238) + -54.
-79
What is -5 + (-28 - -6 - (-54 - -36) - (-11 + -2))?
4
(4 - (0 - 4 - -1)) + 62 + -64 + 2
7
What is (8451 - 8421) + -1 + (-1 - 26)?
2
-28 + 25 + 17 + -3 - ((9 - -8) + 20)
-26
What is -15 + (-10 - -8) + 6 - -9 - (0 + -13)?
11
Calculate (2 - -2) + (11 - (-1 + -1) - (-112 - -113)).
16
What is the value of 64 - 110 - -127 - 138?
-57
What is the value of -12 + -20 + (-4 - -7) + (8 - 15)?
-36
Calculate (32 - (-19 - (-44 + -6))) + -63.
-62
Evaluate 9 + (7 - -24) + -62 - -26.
4
Calculate 49 - ((53 - 94) + 43).
47
Calculate (143 - 120) + -20 + -67 + 0.
-64
What is the value of -32 + (-2 + 23 - (7 - (-7 + -2)))?
-27
(0 - -29) + -29 + 111 + -89
22
-41 + -3 - 2 - (5 + (-14 - -18) - 17)
-38
Evaluate 548 + -544 - (-1 - 1) - (-1 + -58).
65
(-34 + 16 + 11 - 9) + 7 - -71
62
What is -2 + (-6 - -2) + -2 - (18672 + -186